 = -j - 11. Let x be o(-7). What are the prime factors of ((-2460)/(-24))/((-2)/x)?
5, 41
Let f be (76/(-95))/((1/(-1))/5). Suppose 6*s - 9*s + 719 = 5*t, -737 = -3*s + f*t. What are the prime factors of s?
3
Let o(q) = q**3 - 5*q**2 - q + 8. Let x be o(5). List the prime factors of x - (-76 + 0 + -3).
2, 41
List the prime factors of -6 + 6 + 1 - -29.
2, 3, 5
List the prime factors of 910 + ((-10)/(-4) - 87/(-58)).
2, 457
Suppose 5*x + 2264 - 12584 = 0. What are the prime factors of x?
2, 3, 43
Let v = -41 - -40. Let y = 25 - -3. What are the prime factors of y - 0 - v/1?
29
Let o(g) be the second derivative of g**4/12 + g**3/6 - 3*g**2/2 + g. Suppose -3*z + 2 = 11. List the prime factors of o(z).
3
Let w = 8 + -1. Suppose 3*r - 55 = -t + 3, -5*t = -r + 14. Suppose r + w = k. What are the prime factors of k?
2, 13
Suppose 11*u + 3*u - 882 = 0. Let o = u + -18. What are the prime factors of o?
3, 5
Let j = 277 + 1353. List the prime factors of j.
2, 5, 163
Suppose -375 = 41*s - 46*s. Suppose 70*f - s*f + 260 = 0. What are the prime factors of f?
2, 13
Suppose 3*b - 267 = v, 44 + 235 = 3*b - 5*v. Suppose 2*z = 2*c + b, 3*z + 2*c = 8*z - 223. What are the prime factors of z?
3, 5
Suppose z - 2*z - 4*y + 475 = 0, -5*z = -3*y - 2490. What are the prime factors of z?
3, 5, 11
Let o(u) be the first derivative of u**4/12 + 2*u**3/3 + 7*u**2/2 - 3. Let k(y) be the second derivative of o(y). List the prime factors of k(5).
2, 7
Let c be (11/(-3))/(4/(-216)). Suppose -l - 52 = -j, 6*j - 2*j - c = 2*l. What are the prime factors of j?
47
Let s(w) = -w + 20. Let b be s(10). Suppose -b*q = -12*q + 302. What are the prime factors of q?
151
Let r be 3/4 - 1404/16. Let o = -52 - r. List the prime factors of o.
5, 7
Let g = -31 - -35. What are the prime factors of 0 + 264/(g/2)?
2, 3, 11
List the prime factors of 1 - 3/2 - 1974/(-28).
2, 5, 7
Suppose 336*i - 325*i = 31812. List the prime factors of i.
2, 3, 241
Let s be 3/((-12)/(-20)*1). Suppose -s*j + 444 = -2*r, j = -2*j - 3*r + 258. Suppose 3*g + g = j. List the prime factors of g.
2, 11
Let k = -25 - -39. Let u(a) = -k*a - 2*a + a - 16*a. What are the prime factors of u(-1)?
31
Suppose -1163 = -8*a + 269. What are the prime factors of a?
179
Let z be ((-5)/((-15)/18))/(15/(-20)). Let n = 24 - z. List the prime factors of n.
2
Suppose -1272 = 4*k - 12*k. List the prime factors of k.
3, 53
Let h(f) = 85*f**2 + 6*f - 7. List the prime factors of h(2).
3, 5, 23
Suppose -9 = -3*g, 0 = -4*u + u + 2*g + 150. Suppose -u = -5*z + 8. What are the prime factors of 0 + 2 + (z - 0)?
2, 7
Let i(g) = 2*g**3 + 3*g**2 - g + 3. Let l be i(3). Suppose j = 2*x + 71, 0*j - j = 3*x - l. Suppose -3*v = -0*v - j. What are the prime factors of v?
5
Let t = 3920 + 243. What are the prime factors of t?
23, 181
Let h(p) = -15*p + 22. Let f be h(-14). Suppose 2*r + f = 6*r. What are the prime factors of r?
2, 29
Let g(s) = s**3 + 5*s**2 - 1. Let q = 44 + -25. Let m = q - 23. List the prime factors of g(m).
3, 5
Suppose 2*j = -3*j + 15. Let f(y) be the second derivative of 2*y**3 + 21*y. List the prime factors of f(j).
2, 3
Let z(u) = -u**3 + 5*u**2 - 2*u. Let j be z(4). Let c(f) = 3*f. What are the prime factors of c(j)?
2, 3
Let v(b) = 163*b + 2. Let f be v(1). Suppose 0 = -2*i - 3*o - 2*o + f, -260 = -3*i - 5*o. List the prime factors of i.
5, 19
Let v(h) = h**2 + 19. Let w = -30 - -22. Let p be (8 + w)/(1*-1). List the prime factors of v(p).
19
Let f be (-49)/(9/3 + -4). Suppose -f = 2*n - 173. List the prime factors of n.
2, 31
Let l(t) = -111*t + 3. What are the prime factors of l(-8)?
3, 11
Let h(u) = -u**2 + 7*u - 6. Let i be h(6). Let a(l) = 3*l + 7 - 5 - 1 + i*l. What are the prime factors of a(2)?
7
Suppose -2*n = -4*q - 0*q - 496, -3*n + 5*q + 740 = 0. Let o = -144 + n. Suppose -o = h - 4*h. What are the prime factors of h?
2
Let b = -308 + 742. What are the prime factors of b?
2, 7, 31
Let z = 365 - 752. Let f = -203 - z. What are the prime factors of f?
2, 23
Let y be ((-102)/(-4))/(6/(-32)). Let m = -70 - y. Let r = m + -39. List the prime factors of r.
3
Let l = 94 - -6. Suppose 2*w - 65 = -5*h, w + 3*w + 4*h = l. What are the prime factors of w?
2, 5
Let x(g) = 38*g**2 - g + 16. What are the prime factors of x(3)?
5, 71
Let s be 1/(3/3) + 7. Let f = 60 - s. Suppose 0 = -5*p + f + 248. What are the prime factors of p?
2, 3, 5
Suppose -5*v - 5 = -2*w + 25, -v = -w + 6. Let b be v*((-5)/(-2) + -3). Suppose 6 = -b*m + 4*m. What are the prime factors of m?
2, 3
Suppose 2167 = 8*m - 5*m - t, -4*m = -4*t - 2876. List the prime factors of m.
2, 181
Let a(l) = -2*l**2 - 7*l - 13. Let w(p) = 7*p**2 + 27*p + 53. Let u(t) = -9*a(t) - 2*w(t). List the prime factors of u(-5).
2, 3, 11
List the prime factors of (7 - 5)*(-579)/6*-4.
2, 193
Suppose 6 = 6*t - 4*t. Suppose t*a - 525 = -4*a. What are the prime factors of a?
3, 5
Let c be 3 + -1 + (3 - 2). Suppose -182 = -3*g + i, -6*i + 322 = 5*g - c*i. Let v = g + -32. What are the prime factors of v?
2, 3, 5
Suppose -2*s - s = 0. Let f(h) = h**2 + h + 6. Let d be f(s). Let j(p) = 5*p - 8. What are the prime factors of j(d)?
2, 11
Suppose 745 - 2153 = -2*j. List the prime factors of j.
2, 11
Suppose -t + 7 = 17. Let r(u) = -u**3 - 10*u**2 - u - 7. Let o be r(t). Suppose o*w - 13 = 59. List the prime factors of w.
2, 3
Let o(x) be the second derivative of -x**5/20 + 3*x**4/2 - 7*x**3/3 + 5*x**2/2 + 12*x. What are the prime factors of o(17)?
2, 7
Suppose 2*x = s + 2*s - 2272, 2*x + 10 = 0. List the prime factors of s.
2, 13, 29
Suppose d - 230 = 33*n - 36*n, 4*n - 1139 = -5*d. List the prime factors of d.
227
Let n(z) = 2*z**2 + z - 1. Let v be n(4). Suppose -d + 0*d = -v. What are the prime factors of d?
5, 7
Let r be 188/28 - 2/(-7). Suppose -r + 3 = -2*p. Suppose p*h - 3*y + 0*y = 81, 0 = 2*h + 5*y - 89. List the prime factors of h.
2, 3, 7
Let l = -43 - -13. Let p = 21 + l. What are the prime factors of (-11)/(-3) - 3/p?
2
Suppose 0 = 2*k + 1 - 5. Suppose k = 2*i - 14. Suppose -2*f + 5*z - i = -1, z - 14 = -f. List the prime factors of f.
3
Let h(v) = -v**3 - 14*v**2 - 12*v - 10. Let o be h(-13). Let x = o - -26. List the prime factors of x.
3
Let k(m) = m**3 + 14*m**2 - m + 2. Let v be k(-4). Let f = v + -83. What are the prime factors of f?
83
Let q(d) = 4 + 1 - 6 - d. Let n be q(-3). List the prime factors of ((-3)/9)/(n/(-138)).
23
Suppose 8 = j + 3*m, 2 = j + j - m. Let u = j - -45. What are the prime factors of u?
47
Let s be -2*2 - (-57 - 2). Suppose -6*y + y = -s. Let m = 2 + y. List the prime factors of m.
13
Let s(w) = 4*w**2 + 18*w + 9. List the prime factors of s(-12).
3, 41
Let n(d) = d + 5. Let m be n(8). Suppose 4*f = -8, 4*f - 182 = -3*i - m. Let z = i + -32. List the prime factors of z.
3
Suppose -5*h + 5445 = -3*m, 2*h + 4*m - 1849 = 303. Suppose -8*y + 1210 + h = 0. What are the prime factors of y?
7, 41
Let f(w) = w**3 + 28*w**2 - 22*w + 77. List the prime factors of f(-22).
3, 5, 7, 11
Let j(o) = o**3 - 5*o**2 - 17*o - 2. Let n be j(8). Let q = n - -49. What are the prime factors of q?
103
Suppose 216 = 3*y - y. Suppose 3*i - 261 = y. List the prime factors of i.
3, 41
Suppose -40 + 0 = -5*g. Suppose 4*b - k = 243, 0 = -6*k + 5*k + 5. Suppose 0 = -6*p + g*p - b. What are the prime factors of p?
31
Let z = 31 - -1. Let t = z + -29. Suppose -3*m + 60 = t*v, 3*m - 112 = -5*v + 2*m. List the prime factors of v.
23
Let y(p) = -500*p + 616. What are the prime factors of y(-11)?
2, 11, 139
Suppose 5*m - 6669 + 2474 = 0. What are the prime factors of m?
839
Let n(i) = 5*i**2 + 27*i - 24. Let p(k) = -k**2 - 7*k + 6. Let f(s) = -2*n(s) - 9*p(s). What are the prime factors of f(7)?
2
Suppose c = -5*l + 3, -3*c - 5 = -3*l + 4. Let p(j) = 23*j**3 - j + 1. Let a be p(l). Let i = 72 - a. List the prime factors of i.
7
Let m = 1273 + -706. List the prime factors of m.
3, 7
Let z(q) = -272*q**3 + q**2 - 15*q - 28. List the prime factors of z(-2).
2, 1091
Let v be ((-20)/4 + 2)*(-46)/6. Suppose 4*g + 2*f - 49 = -f, 4*f - 35 = -3*g. Let m = v - g. List the prime factors of m.
2, 5
Let q = -7 + 7. Suppose -3*n + 89 = b, 4*b + 2*n + 0*n - 326 = q. List the prime factors of b.
2, 5
Let d be (-4 + 2 - -1)/1 - -1. Let u be 29/(-4) - 1/(-4). Let g = d - u. What are the prime factors o